) = -s - 1. Let g be d(-6). Suppose 4*u - 5*u + g = 0. List the prime factors of 155/25 - 1/u.
2, 3
Suppose 0*c = -5*c + 5. Let k be (49/(-21))/(c/(-3)). Suppose 0 = 3*i - 23 - k. List the prime factors of i.
2, 5
Suppose -5*l + 1436 = i, -3*l + 11 = -4*i - 846. What are the prime factors of l?
7, 41
Let x = -20 + 35. List the prime factors of (10/x)/(1/3).
2
Let x = -18 + 29. Let w = x + -1. What are the prime factors of 34/w - 2/5?
3
What are the prime factors of -65*65/(-35) - (-2)/7?
11
Suppose -5*d + 191 = -39. Let o = d - 26. List the prime factors of o.
2, 5
Let s = 514 + -219. List the prime factors of s.
5, 59
Let x(s) = 2*s**2 + 3*s + 7. What are the prime factors of x(6)?
97
Suppose 2*s = -3*s - 90. Let y = s - -29. Let z = y + -7. List the prime factors of z.
2
Let h = -30 + 39. List the prime factors of h.
3
Suppose 0*b = -3*b + 6. Let i = 3 - b. What are the prime factors of i/3*(32 - 5)?
3
Let a(s) = -5*s**2. Let k(y) = 16*y**2. Let p(l) = 8*a(l) + 3*k(l). Let u be p(1). Suppose b + 0*b = u. List the prime factors of b.
2
Let s(o) = -o**2 - 2*o + 2. Let h(f) = f**2 + f - 1. Suppose 0 = 4*l - 0*l - 12. Let n(y) = l*h(y) + 4*s(y). List the prime factors of n(-4).
3
Let v = -7 - -5. Let t be 0 + v/(-1) - 7. Let n = t - -7. List the prime factors of n.
2
Suppose 0 = -3*b + 5*r - 2, 0 = -5*b - 5*r + 29 + 21. Let c(g) = 2*g - 2. Let p be c(b). List the prime factors of (-2)/(-5) - (-46)/p.
5
Let x(p) = 4*p**2 + 2*p + 5. Let m be x(-5). Let r = -51 + m. List the prime factors of r.
2, 11
Let w(z) = -z - 1. Let x be w(-3). Suppose 4*b - 2*k - 36 - 14 = 0, -x*k + 20 = b. What are the prime factors of b?
2, 7
Suppose 134 = -13*g + 732. List the prime factors of g.
2, 23
Let d be 2/(-3) - (-44)/12. Let r = d + 2. List the prime factors of r.
5
Let c(z) = -z**2 - 17*z + 37. List the prime factors of c(-15).
67
Let h = 2 + 0. Suppose 0 = -u + h + 3. What are the prime factors of u?
5
Let b(n) = -2*n - 1. List the prime factors of b(-6).
11
Let f = 67 + -47. Suppose 0 = -4*n + h + 60, 2*h = -2*n - 0 + f. What are the prime factors of n?
2, 7
Let x = 12 + -8. Let u be (-2)/2*-2 - x. List the prime factors of -2 + -2*(u - 0).
2
Suppose 0*c - c - 10 = 3*i, 3*i = -2*c - 17. Let j = -2 - c. Suppose -j = -5*n - 0*n, 19 = 2*b - 5*n. What are the prime factors of b?
2, 3
Let o = -83 + 317. What are the prime factors of o?
2, 3, 13
Let a = 10 - 6. Suppose 4*k - 3*z = 9, 0 = 3*k + 4*z - z - 12. What are the prime factors of 9/a*16/k?
2, 3
Suppose 0*x - x - 5 = 2*f, -4*f + 4 = 0. What are the prime factors of (x/(-14))/((-2)/(-40))?
2, 5
Let d(n) = 3*n - 3. Let v be (1 - 2)/((-2)/(-14)). Let g = v + 11. List the prime factors of d(g).
3
Suppose -1507 = -7*b - 4*b. What are the prime factors of b?
137
Suppose d - 2*c - 3*c = 55, 2*c = -2*d + 50. Let i = 37 - 17. Let v = d - i. What are the prime factors of v?
2, 5
Suppose -2*r + 2 = n + 9, n - 4*r = 23. Suppose -1 = n*q - 25. List the prime factors of q.
2
Let t(a) = 25*a**2 + a. What are the prime factors of t(-2)?
2, 7
Suppose 2*y - 2*k = -212, -4*y - 436 = -2*k - 4. List the prime factors of y/(-20) - 1/(-2).
2, 3
Let t(b) = b**3 + 4*b**2 + b. Let g be t(-3). Let z = g - 3. What are the prime factors of z?
3
Let t(g) = 89*g**2 + g. Let q be t(1). Suppose u + q = 6*u. What are the prime factors of u?
2, 3
Let d(q) = q**3 - 9*q**2 - 4*q - 13. What are the prime factors of d(10)?
47
Let b(z) = 9*z**2 - z. List the prime factors of b(-3).
2, 3, 7
Let u = 2 + -1. Let h = u + 13. What are the prime factors of h?
2, 7
Let a(w) = w**3 - 6*w**2 - 6*w + 8. What are the prime factors of a(7)?
3, 5
Let u = 12 - 8. Suppose -2*m + 2*v - 34 = m, -32 = u*m + 4*v. Let x = m + 29. List the prime factors of x.
19
Let h(x) = 5*x**2 + x + 1. Let i be ((-2)/(-4))/((-2)/4). Let b be h(i). Let r = -1 + b. What are the prime factors of r?
2
Let p = -7 - -9. Suppose p*a - 12 = -5*r, -a + 2*r = -17 - 7. List the prime factors of a.
2
Let d be 3/6 - (-54)/(-4). Let g = -5 - d. List the prime factors of g.
2
Suppose -8 = -3*t - t. Suppose -3*g + 7 = -t. Suppose -2*f + 9 = q - g*f, -7 = q - 5*f. List the prime factors of q.
13
What are the prime factors of 1 - -2 - -13*3?
2, 3, 7
Let l(p) = 11*p**2 - p. Let v be l(-1). Suppose 50 = 5*w + 3*u, -5*w + 4*u = -73 - v. What are the prime factors of w?
13
Suppose 0 = -3*r - 12, r - 293 = -3*l - 0*r. What are the prime factors of l?
3, 11
Suppose 145 = -5*n - 4*q, -3*q + 35 = 3*n - 5*n. Let b = -15 - n. What are the prime factors of b?
2, 5
Let q(h) = -2*h - 5. Suppose 0 = 5*b + u - 86, u - 48 = -3*b + 4*u. Suppose 0 = -j + 2*s - 1, 0 = -4*j - 2*s - 7 - b. List the prime factors of q(j).
5
Suppose -4*q - 728 = -5*c - 2*q, 2*c + 5*q - 268 = 0. What are the prime factors of c?
2, 3
What are the prime factors of (-3245)/(-45) + 2/(-18)?
2, 3
Let x(b) = -b + 1. Let d be x(-7). Let g = d + -4. What are the prime factors of g?
2
Let u(c) = c**3 - 5*c - 2*c**2 - 7 - 2*c**3 + 9*c**2. Let f be u(6). Let a(l) = 4*l**2 + l + 1. List the prime factors of a(f).
2
Suppose -t + 8 = -3*t. List the prime factors of t/(-6)*6*1.
2
Suppose 0 = 2*k + 5*y - 117, -5*y = -0*y - 5. List the prime factors of k.
2, 7
Let n = -38 + 63. List the prime factors of n.
5
Let h be ((-2)/(-3))/(38/171). Suppose u + 5*l - 74 = 0, 0 = -u - h*u + 2*l + 230. List the prime factors of u.
59
Let h = -2 - -21. Let y = -9 + h. Let o(b) = b. What are the prime factors of o(y)?
2, 5
Let f = -3 + 6. Let m(y) = -y**3 + 3*y**2 + 2*y - 2. Let x be m(f). Suppose 35 = x*h - g - 0*g, -4*h = -3*g - 41. List the prime factors of h.
2
What are the prime factors of 1365/55 - (1 + 13/(-11))?
5
Suppose -y + 2*y - 5 = 0. Suppose q = 1, -y*x + 19 = 3*q + q. Let i = x - -5. List the prime factors of i.
2
Let f = -72 - -121. What are the prime factors of (f/14)/((-2)/(-4))?
7
Suppose 0 = -4*k + s - 3*s + 134, 5*k - 174 = 4*s. What are the prime factors of k/3 + 4/6?
2, 3
Let l be (6 - 6)/(3*1). Suppose -5*g - 5*n + 170 = 0, 2*g - 5*n - 11 - 71 = l. List the prime factors of g.
2, 3
Let x(s) = s**3 - 18*s**2 + 22*s - 25. List the prime factors of x(17).
2, 3, 5
Let y(v) = 8*v - 2 + 4 - 3. List the prime factors of y(3).
23
Let p(s) = 3 - s**2 - 3 + 2*s - 2. Let n be p(2). List the prime factors of (6/(-8))/(n/8).
3
Suppose 3*s + 3 = -0*q - 5*q, 3*s + 3 = -3*q. Let j = 0 + q. What are the prime factors of (-14 + j)*2/(-4)?
7
Let y(z) = 8*z + 4. Let j be y(5). Suppose 0*n + 4*n - j = 0. What are the prime factors of n?
11
Suppose -f - 3*r = -6*r + 7, 4*f - 17 = -3*r. Suppose 0 = -2*a + 4 + f. List the prime factors of 14/4 + a/(-2).
2
Suppose 3*v = 4*v - 4. Suppose 46 + v = n. What are the prime factors of n?
2, 5
Let b be 5/15*-13*3. Let y = b - -46. List the prime factors of y.
3, 11
Let q be (-71)/(-4) + 6/(-8). Suppose -4*j + q + 43 = 0. Suppose -2*u - 3 = -j. What are the prime factors of u?
2, 3
Let r(c) = 38*c**2 - 15*c + 13. What are the prime factors of r(3)?
2, 5, 31
What are the prime factors of 2/(-6)*888/(-4)?
2, 37
Let c be (-10)/8 + (-6)/(-24). Let a(q) = 47*q**2 + q. What are the prime factors of a(c)?
2, 23
Suppose 0 = h - 30 - 9. List the prime factors of h.
3, 13
Suppose -5*m = 20, 0 = 2*b + 3*m + m + 26. Let l = b - -7. Suppose 3 = 3*s - l*s. What are the prime factors of s?
3
Suppose m + 4*r - 193 = 0, -m - 4*r = r - 193. List the prime factors of m.
193
Let w be (-102)/(-15) - 4/(-20). Let r(m) = 4*m - 1. List the prime factors of r(w).
3
Let x(k) = 4*k - 5. Let f be x(-4). Let c = -4 - f. What are the prime factors of c?
17
Let n be 10*-4*12/(-15). Suppose 0 = 4*i - n - 24. What are the prime factors of i?
2, 7
Suppose 3*a + 5*m - 444 = -109, m = -5*a + 529. List the prime factors of a.
3, 5, 7
Suppose -2*a + 5 = -5. Suppose -2*k = 4 - 8. Suppose -k*q - 15 = -c, -31 - 12 = -a*c + 2*q. List the prime factors of c.
7
Suppose 2*d = d + 3. Suppose -c = d*c - 4. Suppose c = -4*n + 9. List the prime factors of n.
2
Suppose -2*t - 21 - 15 = 0. Let u = t - -25. What are the prime factors of u?
7
Suppose 0 = -3*h - 5*z + 58 + 72, 95 = 2*h - 5*z. What are the prime factors of h?
3, 5
Suppose -2*f - 192 = -t - t, 3*f - 520 = -5*t. What are the prime factors of t?
101
What are the prime factors of (-2)/(-2)*256/(3 + -1)?
2
Let p(r) = -